 of 2175.
3, 5, 29
List the prime factors of 720.
2, 3, 5
List the prime factors of 34546.
2, 23, 751
What are the prime factors of 1961?
37, 53
What are the prime factors of 1143?
3, 127
List the prime factors of 1206.
2, 3, 67
What are the prime factors of 280?
2, 5, 7
List the prime factors of 1468.
2, 367
What are the prime factors of 17202?
2, 3, 47, 61
What are the prime factors of 411?
3, 137
List the prime factors of 1720.
2, 5, 43
List the prime factors of 25426.
2, 12713
List the prime factors of 830.
2, 5, 83
What are the prime factors of 2482?
2, 17, 73
What are the prime factors of 115154?
2, 13, 43, 103
What are the prime factors of 7755?
3, 5, 11, 47
What are the prime factors of 3669?
3, 1223
List the prime factors of 428.
2, 107
What are the prime factors of 1106?
2, 7, 79
What are the prime factors of 580?
2, 5, 29
What are the prime factors of 3213?
3, 7, 17
What are the prime factors of 5852?
2, 7, 11, 19
What are the prime factors of 7825?
5, 313
What are the prime factors of 52170?
2, 3, 5, 37, 47
What are the prime factors of 61203?
3, 23, 887
List the prime factors of 10965.
3, 5, 17, 43
List the prime factors of 21213.
3, 2357
What are the prime factors of 836?
2, 11, 19
What are the prime factors of 230?
2, 5, 23
List the prime factors of 35155.
5, 79, 89
What are the prime factors of 51710?
2, 5, 5171
What are the prime factors of 5474?
2, 7, 17, 23
List the prime factors of 922.
2, 461
What are the prime factors of 1984?
2, 31
List the prime factors of 4512.
2, 3, 47
List the prime factors of 1230.
2, 3, 5, 41
List the prime factors of 2374.
2, 1187
List the prime factors of 7493.
59, 127
List the prime factors of 2376.
2, 3, 11
What are the prime factors of 22981?
7, 67
What are the prime factors of 55016?
2, 13, 23
What are the prime factors of 2828?
2, 7, 101
What are the prime factors of 5601?
3, 1867
What are the prime factors of 4226?
2, 2113
List the prime factors of 3281.
17, 193
List the prime factors of 5734.
2, 47, 61
What are the prime factors of 113756?
2, 28439
What are the prime factors of 2356?
2, 19, 31
What are the prime factors of 11214?
2, 3, 7, 89
What are the prime factors of 1982?
2, 991
What are the prime factors of 4799?
4799
List the prime factors of 547.
547
What are the prime factors of 2032?
2, 127
What are the prime factors of 175?
5, 7
What are the prime factors of 9902?
2, 4951
List the prime factors of 6119.
29, 211
What are the prime factors of 495?
3, 5, 11
List the prime factors of 4052.
2, 1013
What are the prime factors of 56855?
5, 83, 137
What are the prime factors of 840?
2, 3, 5, 7
What are the prime factors of 10643?
29, 367
What are the prime factors of 11999?
13, 71
List the prime factors of 14361.
3, 4787
List the prime factors of 3518.
2, 1759
What are the prime factors of 2889?
3, 107
List the prime factors of 41.
41
What are the prime factors of 33241?
13, 2557
What are the prime factors of 841?
29
List the prime factors of 19455.
3, 5, 1297
What are the prime factors of 44150?
2, 5, 883
List the prime factors of 94261.
94261
List the prime factors of 536.
2, 67
List the prime factors of 4996.
2, 1249
What are the prime factors of 13889?
17, 19, 43
What are the prime factors of 1783?
1783
List the prime factors of 802.
2, 401
List the prime factors of 6800.
2, 5, 17
What are the prime factors of 845?
5, 13
What are the prime factors of 5217?
3, 37, 47
List the prime factors of 4513.
4513
List the prime factors of 464.
2, 29
What are the prime factors of 565?
5, 113
List the prime factors of 4835.
5, 967
What are the prime factors of 28845?
3, 5, 641
List the prime factors of 16185.
3, 5, 13, 83
What are the prime factors of 241?
241
List the prime factors of 2218.
2, 1109
List the prime factors of 112497.
3, 7, 11, 487
What are the prime factors of 33005?
5, 7, 23, 41
What are the prime factors of 39879?
3, 7, 211
What are the prime factors of 1240?
2, 5, 31
What are the prime factors of 14095?
5, 2819
List the prime factors of 56360.
2, 5, 1409
List the prime factors of 53255.
5, 10651
List the prime factors of 25482.
2, 3, 31, 137
What are the prime factors of 37637?
61, 617
What are the prime factors of 44963?
44963
What are the prime factors of 6688?
2, 11, 19
List the prime factors of 10268.
2, 17, 151
List the prime factors of 19308.
2, 3, 1609
List the prime factors of 5838.
2, 3, 7, 139
What are the prime factors of 4069?
13, 313
List the prime factors of 128018.
2, 11, 23
What are the prime factors of 130?
2, 5, 13
List the prime factors of 38152.
2, 19, 251
List the prime factors of 3997.
7, 571
What are the prime factors of 11990?
2, 5, 11, 109
What are the prime factors of 13071?
3, 4357
What are the prime factors of 5672?
2, 709
List the prime factors of 731.
17, 43
List the prime factors of 38644.
2, 9661
What are the prime factors of 2458?
2, 1229
List the prime factors of 10267.
10267
List the prime factors of 270.
2, 3, 5
List the prime factors of 594.
2, 3, 11
What are the prime factors of 4339?
4339
What are the prime factors of 1669?
1669
List the prime factors of 1966.
2, 983
List the prime factors of 501.
3, 167
What are the prime factors of 669?
3, 223
What are the prime factors of 1904?
2, 7, 17
What are the prime factors of 49447?
197, 251
List the prime factors of 496.
2, 31
List the prime factors of 29935.
5, 5987
What are the prime factors of 55539?
3, 11, 17
List the prime factors of 13455.
3, 5, 13, 23
What are the prime factors of 15488?
2, 11
List the prime factors of 626.
2, 313
What are the prime factors of 10734?
2, 3, 1789
What are the prime factors of 1085?
5, 7, 31
What are the prime factors of 1533?
3, 7, 73
What are the prime factors of 1432?
2, 179
List the prime factors of 11033.
11, 17, 59
List the prime factors of 14740.
2, 5, 11, 67
List the prime factors of 863.
863
What are the prime factors of 15746?
2, 7873
List the prime factors of 9445.
5, 1889
What are the prime factors of 736?
2, 23
List the prime factors of 25727.
13, 1979
List the prime factors of 308.
2, 7, 11
List the prime factors of 5717.
5717
List the prime factors of 17479.
7, 11, 227
What are the prime factors of 19600?
2, 5, 7
List the prime factors of 17554.
2, 67, 131
What are the prime factors of 3916?
2, 11, 89
List the prime factors of 262.
2, 131
List the prime factors of 18249.
3, 7, 11, 79
What are the prime factors of 1540?
2, 5, 7, 11
List the prime factors of 872.
2, 109
List the prime factors of 113358.
2, 3, 7, 2699
List the prime factors of 1533.
3, 7, 73
What are the prime factors of 2928?
2, 3, 61
List the prime factors of 40819.
40819
What are the prime factors of 48670?
2, 5, 31, 157
List the prime factors of 8845.
5, 29, 61
What are the prime factors of 960?
2, 3, 5
What are the prime factors of 1913?
1913
What are the prime factors of 1401?
3, 467
List the prime factors of 44750.
2, 5, 179
What are the prime factors of 617?
617
List the prime factors of 39464.
2, 4933
What are the prime factors of 4773?
3, 37, 43
List the prime factors of 37819.
59, 641
List the prime factors of 1131.
3, 13, 29
List the prime factors of 8393.
7, 11, 109
What are the prime factors of 6633?
3, 11, 67
What are the prime factors of 17274?
2, 3, 2879
List the prime factors of 103958.
2, 59, 881
List the prime factors of 111246.
2, 3, 18541
List the prime factors of 603.
3, 67
List the prime factors of 1657.
1657
What are the prime factors of 12776?
2, 1597
List the prime factors of 112402.
2, 43, 1307
List the prime factors of 18473.
7, 13, 29
List the prime factors of 3622.
2, 1811
List the prime factors of 2360.
2, 5, 59
List the prime factors of 1893.
3, 631
List the prime factors of 1163.
1163
What are the prime factors of 4129?
4129
List the prime factors of 16056.
2, 3, 223
List the prime factors of 912.
2, 3, 19
What are the prime factors of 83964?
2, 3, 6997
List the prime factors of 82413.
3, 9157
List the prime factors of 596.
2, 149
List the prime factors of 25909.
13, 1993
List the prime factors of 8684.
2, 13, 167
What are the prime factors of 134859?
3, 44953
What are the prime factors of 1024?
2
List the prime factors of 8921.
11, 811
List the prime factors of 1249.
1249
List the prime factors of 11355.
3, 5, 757
List the prime factors of